7) is divided by 65?
27
Suppose -16*p - 370 = -818. What is the remainder when 82 is divided by p?
26
Suppose -5*p = 14*r - 16*r - 1151, 233 = p + r. Calculate the remainder when p is divided by 130.
101
Suppose -4*k + 5*k - 24 = -m, 5*k = m + 132. Calculate the remainder when (k/(-6))/((-3)/9) is divided by 7.
6
Let g(o) = -3*o**2 - 98*o - 17. Calculate the remainder when g(-31) is divided by 11.
6
Suppose t + 1446 = 3*b, -22*b = -18*b - 3*t - 1923. What is the remainder when b is divided by 118?
11
Let h = 45650 - 45614. Calculate the remainder when 207 is divided by h.
27
Let k be (-10)/5 + 7/1. Suppose 2*n - m - m - 164 = 0, -2*n = k*m - 143. Calculate the remainder when n is divided by 29.
21
Let b be 3332/9 + 4 + 114/(-27). Let a = -213 + b. Calculate the remainder when a is divided by 18.
13
Suppose 0 = -2*y - 2*y + 36. Suppose -561 = -7*p + 636. Let z = p - 156. Calculate the remainder when z is divided by y.
6
Suppose -2*d - 4 = 0, 0 = 5*s - 2*d - 3*d - 60. Let i = -1595 - -1626. Suppose 0 = -m - s + i. Calculate the remainder when 124 is divided by m.
19
Let m be (-3)/(-5) + 0 + (-967)/(-5). Let b = -127 + m. What is the remainder when b is divided by 36?
31
Let y = -29 - -33. Suppose 5*n - y*n = 132. What is the remainder when n is divided by 34?
30
Let l = -138 - -287. Suppose -k - 24 = 3*s + 2*k, -4*k - 35 = 5*s. Calculate the remainder when l is divided by -4 - (-4 - (s + 18)).
14
What is the remainder when 222/999 - (3290/(-18) - 2) is divided by 13?
3
Let k(n) = 8*n**3 + 18*n**2 + 11*n - 30. What is the remainder when k(4) is divided by 4?
2
Suppose -667 = -28*i + 38 - 33. Calculate the remainder when 226 is divided by i.
10
Let d(a) = 34*a**2 + 39*a**2 - 109*a**2 - 36 + 40*a**2. Calculate the remainder when d(-5) is divided by 26.
12
Suppose -3*h - 942 = 3*r, r - 31 = h - 349. Let t = 341 + r. What is the remainder when 273 is divided by t?
23
Suppose 5*q - 14 = -2*b, 4*q - 35 = -5*b + q. Let s(g) = 2*g + 31. What is the remainder when 86 is divided by s(b)?
41
Suppose 3*i = -4*s + 239, 4*s + s - 5*i - 255 = 0. Let f = -19 + s. What is the remainder when f is divided by 37?
0
Suppose 4*v - t = 38, 0 = -26*v + 21*v + 2*t + 46. Suppose -2227 = -v*j + 1853. What is the remainder when j is divided by 41?
39
Let r = -1274 - -1340. Let j(d) = 4*d**2 - d - 9. What is the remainder when r is divided by j(3)?
18
Let i(v) = v + 16. Let d be i(-12). Let p be (d/(-28))/((-2)/14). Let w(k) = 13*k**3 + k**2 - 2*k. What is the remainder when 40 is divided by w(p)?
4
Suppose -6*s - 5*s + 132 = 0. Suppose 13 + s = l. What is the remainder when 77 is divided by l?
2
Suppose -106*d + 4*z = -103*d - 2118, 3*d - z = 2127. Calculate the remainder when 720 is divided by d.
10
Let x(a) = -14*a - 146. Calculate the remainder when 8525 is divided by x(-11).
5
What is the remainder when 472 is divided by (-15)/2*((-1330)/63 - 10/45)?
152
Let u(s) = -s**2 + 11*s - 10. Let a(g) = 2*g**3 + 33*g**2 - 14*g + 230. What is the remainder when a(-17) is divided by u(8)?
11
Suppose -2 = 5*m + 8. Let w = 851 + -840. What is the remainder when 6/m - 92/(-4) is divided by w?
9
Suppose 4*k = d + 113, -2*k = -6*k + 3*d + 115. Suppose -4*o + 21*w - 166 - 12 = 0, 0 = 5*o + 5*w - 90. What is the remainder when k is divided by o?
4
What is the remainder when 4*-1*(-31)/2 is divided by (-31 - -19)/(18/(-96)*2)?
30
Suppose -4*x = -x - 6. Let w(z) = 18*z - 18. Let q be w(4). Calculate the remainder when 42/q + -1 - (-76)/18 is divided by x.
0
Let t(b) = 2*b**2 + 14*b + 9. Let i be t(5). Suppose -885 = i*c - 132*c. Calculate the remainder when c is divided by 33.
31
Let u be ((-10)/2 + 2)*(-36)/27. What is the remainder when 8/(-264)*-369 + u/(-22) is divided by 3?
2
Let h be (1 - 4)*8/6. Calculate the remainder when 0 - 16/24*17*-3 is divided by (-1*2)/(h/14).
6
Suppose 11 = 3*y + f - 0*f, 3*f = -3*y + 15. Suppose 4 = 2*b + y*i, 0*b - 3*b + 16 = 2*i. What is the remainder when 11 is divided by b?
3
Suppose -4*c = -6*a + 3*a + 44, 5*a - 5*c = 65. Suppose -a + 162 = 7*u. Calculate the remainder when 40 is divided by u.
18
Let a = 216 - 57. Suppose -10*y + 181 = -a. Calculate the remainder when y is divided by 14.
6
Let d(i) = 16*i + 61. Let n be d(0). Suppose -2*m + 4*m = 18. Suppose n = 5*c - m. Calculate the remainder when c is divided by 4.
2
Let z(v) = -v**3 + 15*v**2 + 5*v - 81. What is the remainder when z(7) is divided by 14?
10
Suppose -6*w + 1265 = -931. What is the remainder when 782 is divided by w?
50
Let l = -2662 - -3093. What is the remainder when l is divided by 208?
15
Let i(a) = -20*a**2 - 82*a + 33. Suppose 5*k + 5*n = 580, k - 173 + 45 = 3*n. What is the remainder when k is divided by i(-4)?
37
Suppose -89*z + 20400 = -0*z - 29*z. Calculate the remainder when z is divided by 1.
0
Let q(z) = 2*z**2 - 18*z - 17. Let h be q(-1). Suppose -5*y - h*b + 307 = 43, 0 = -2*y + 3*b + 114. Calculate the remainder when 213 is divided by y.
51
Let r = -1437 - -960. Let d = r + 488. What is the remainder when 19 is divided by d?
8
Suppose 77*u + 600 = 65*u. Let z = u + 124. Calculate the remainder when 215 is divided by z.
67
Suppose -4*y = 3*n - 21, -4*y + 5*n - 4 + 1 = 0. Suppose y*h - 38 = 40. Let d = -9 + h. What is the remainder when 33 is divided by d?
16
Suppose 0 = -3*r - r. Suppose -11*u + 9*u - 4 = r. Calculate the remainder when 28 is divided by ((-4)/u)/(10/15).
1
Suppose 2446 = -6*i + i - x, 0 = -5*i + 3*x - 2442. Let o = -380 - i. Suppose -5*y + 29 + 26 = 0. Calculate the remainder when o is divided by y.
10
Suppose 4*u = -7*b + 33, -5*b = 2*u - 0 - 21. Let w = -29 + 64. Calculate the remainder when w is divided by b.
2
Let j(x) = x**3 - 6*x**2 + 4*x + 43. Let m be j(5). Calculate the remainder when 120 is divided by m + (14 - 6) + -5.
38
Suppose -59*g - 2*d + 768 = -55*g, 3*g - 583 = 2*d. What is the remainder when 371 is divided by g?
178
Let x(g) = g**2 - g - 150. What is the remainder when 4781 is divided by x(-12)?
5
Suppose y = 2*l + 84, 193 = 3*y + l - 45. Suppose -10*q + 14*q - y = 0. Calculate the remainder when 28 is divided by 17 + q/(-4) + -2.
8
Let k be 1/(-2)*0*(-6)/(-12). Suppose -4*j = -20, -3*b + 3*j + j + 259 = k. What is the remainder when b is divided by 12?
9
Suppose -5*m - 173 - 142 = 0. What is the remainder when (11 + -6 + m)*-1 is divided by 18?
4
Let m = 78 - 52. Let q = -155 + 162. Suppose -q*i + 18 + 45 = 0. Calculate the remainder when m is divided by i.
8
Suppose -t + 0*b = 2*b - 808, 0 = -t - 5*b + 814. Suppose 0 = -13*h + t - 154. What is the remainder when 295 is divided by h?
45
Suppose -3*x = -0*h + 4*h - 19, -3 = -2*h + 5*x. Suppose -u + h*a - 4 = 0, 5*u + 4*a - 28 = -0*a. Calculate the remainder when u is divided by 4.
0
Suppose v + 263 = -h, 0 = h - 2*v + 182 + 90. Let t = 267 + h. What is the remainder when 11 is divided by t?
0
Let b(u) = 2*u**2 - 3*u - 10. Let s(m) = -4*m**2 + 64*m - 25. What is the remainder when s(12) is divided by b(-4)?
31
Let l be (-9)/(-5)*30/(-9). Calculate the remainder when ((-100)/35)/(l/21) is divided by 5.
0
Calculate the remainder when (-23)/((-1150)/540)*465/6 is divided by 24.
21
Suppose 5*p + 2*l - 937 = 0, 0 = 349*p - 352*p - 2*l + 559. What is the remainder when p is divided by 122?
67
Suppose 0 = -6*f + 3*f + 2226. Suppose -1456 = 7*z + f. What is the remainder when z/(-4) + 9/(-6) is divided by 13?
12
Let d(i) = -4*i**3 + i**2 - 35*i - 42. Calculate the remainder when d(-5) is divided by 28.
14
Let l be 147421/38 + 3/2 + -2. Suppose -v + l = 8*v. Calculate the remainder when v is divided by 54.
53
Suppose 48*p - 2310 - 1272 = 642. Calculate the remainder when 188 is divided by p.
12
Suppose 14*n = 1579 + 3349. Let a be (n/12 + 4)*3 + 0. Let u = a + -47. What is the remainder when u is divided by 19?
15
Suppose -328 = -19*i - 36*i + 2037. What is the remainder when 640 is divided by i?
38
Suppose -3*t - 672 + 739 = -i, t - 25 = -i. What is the remainder when 4367 is divided by t?
20
Let r(v) be the third derivative of -v**5/60 + 31*v**4/24 - 25*v**3/2 + 66*v**2. Calculate the remainder when r(24) is divided by 12.
9
Suppose 0 = 5*t + 3*c - 409, 4*t - 23*c = -18*c + 305. Suppose 5*k = 2*d - 60, d - 20 = 4*k + 13. Calculate the remainder when t is divided by d.
5
Let d be (-1)/5 